03
Let d(p) = 3*p - 21. Let i be d(8). Suppose -s - 1013 = -i*x, 584 = 2*x + s - 88. What are the prime factors of x?
337
Let g = -946 - -7107. What are the prime factors of g?
61, 101
List the prime factors of ((-3)/((-45)/37779))/((-3)/(-15)).
7, 257
What are the prime factors of (-554)/(-3)*(1/(-6) + (-26733)/(-342))?
2, 13, 277
Let q(t) = 4*t + 92. Let x be q(-23). Suppose -5*w + 2100 = -x*w. List the prime factors of w.
2, 3, 5, 7
Let l be ((-16)/(-10) + -2)/(8/(-4960)). Suppose -74 = 6*b - l. Suppose 0 = -4*a + b + 59. What are the prime factors of a?
2, 11
Suppose 1868*a - 373833 = 1859*a. What are the prime factors of a?
73, 569
Let a(k) = 88*k - 1824. List the prime factors of a(35).
2, 157
Suppose -33*n + 36339 + 91041 = 0. What are the prime factors of n?
2, 5, 193
Let m = 352 - 356. List the prime factors of m*(-45)/(-144) + (-1925)/(-4).
2, 3, 5
Let f(n) = 4. Let o be -3 - (0 + 3 + 1). Let w(k) = k - 6. Let i(h) = o*f(h) - 4*w(h). List the prime factors of i(-7).
2, 3
Let w(r) = -4*r + 20. Let i be w(3). List the prime factors of (i/9)/4 + (-14016)/(-108).
2, 5, 13
Let y = 726 - 735. Let z(i) = i**3 + 28*i**2 + 12*i + 92. List the prime factors of z(y).
1523
Let o = 162 - 159. Suppose o*t - 726 = 996. What are the prime factors of t?
2, 7, 41
Suppose 15*t + 56 = -4. What are the prime factors of 277*(-3)/(t - -1)?
277
Let h(f) = 394*f + 3019. List the prime factors of h(29).
3, 5, 107
Suppose 0 = 8*z - 2754 + 466. Suppose -3*j - 2*f = -296, -4*f = -5*j + 8*j - z. List the prime factors of j.
2, 3, 17
Suppose 4*z + z + 19 = -b, b - 21 = 5*z. Let l be (42 + -1)*-1 - b. What are the prime factors of -6 - -5 - (l*1 - -1)?
2, 5
Let a(r) = 2*r + 19. Let g be a(-8). Suppose 2*b - 119 + 625 = -g*s, 0 = 3*b - 5*s + 740. Let u = b + 382. What are the prime factors of u?
2, 3, 11
Suppose 16*r = 11*r - 330. Let f = r - -320. What are the prime factors of f?
2, 127
Let r be ((-225)/(-63) - 4/7)/1. Suppose -2*c = 4*u - 2256, -5*u + 3438 - 54 = r*c. What are the prime factors of c?
2, 3, 47
Suppose 3*p - 13 = 4*z - 3*z, 30 = 4*p + 5*z. Suppose a + 16 = p*a. Suppose -248 = -3*h - a*g + 57, 5*g = -2*h + 201. What are the prime factors of h?
103
Suppose 0 = 3*n + 7 - 16. Suppose -w = -4*w + 3*r + 969, r = n*w - 975. Suppose -5*l = -7*l + w. List the prime factors of l.
163
Let m(n) = -3*n**3 + 5*n**2 + 6*n + 109. List the prime factors of m(-15).
59, 191
Let y be ((-4)/(-3) + -5)*12. Let v = 48 + y. Suppose -2*z - 10 = 0, 0 = v*x - 5*z + 4*z - 201. List the prime factors of x.
7
Suppose 0 = 18*x - 415748 + 194446 - 426698. List the prime factors of x.
2, 3, 5
List the prime factors of (6/(-22) + 2517472/528)*(-3)/(-1).
14303
Let y(h) = 2*h**2 - 35*h + 100. Let d be y(14). Let z be 0 + (238/2 - 1). Let u = z - d. What are the prime factors of u?
2, 29
Let s = -3705 - -10403. List the prime factors of s.
2, 17, 197
Suppose 4 = -k - k, 5*z - 4 = -3*k. Suppose 5*i = z*x - 2680, 0*x = 2*i - x + 1072. What are the prime factors of (-1)/(1 + i/532)?
7, 19
Suppose -4*p = 15*p + 6916. Let r be (24/15)/(2/(-10)). What are the prime factors of 2*(-3 - -4)*p/r?
7, 13
Let f(x) = -x**2 - 22*x + 203. Let w be f(-29). Suppose w = -33*a - 1162 + 5089. What are the prime factors of a?
7, 17
List the prime factors of (-1 - 0) + (321977/184)/(2/32).
27997
Let y be 126/84*1*-2. List the prime factors of ((2 + y/3)*-2206)/(-2).
1103
Let j = -326 + 330. Suppose -b + 4*k + 948 = 0, b + 2836 = j*b - 4*k. List the prime factors of b.
2, 59
Let d be (0*4/8)/(-3 - -2). Let t(l) = l**2 + l - 8. Let s be t(-5). Let o = s + d. List the prime factors of o.
2, 3
Let p(v) = -19*v**2 - 10*v - 146. Let o be p(24). What are the prime factors of o/(-25) + (-24)/(-30)?
2, 227
Suppose -8*i = 1 - 41. Suppose i*t = 4881 + 979. What are the prime factors of t?
2, 293
Suppose u = -3, 508*w - 503*w = -3*u + 104521. List the prime factors of w.
2, 10453
Let r be 1*-4*(-1 - 1). Let i(a) = -45*a - 67. Let x be i(-5). Suppose 0 = -r*l + 9*l - x. List the prime factors of l.
2, 79
Let u = -2698 + 2710. Let m(g) = 2*g**2 - 4*g + 2. Let n be m(3). What are the prime factors of 128/u*114/n?
2, 19
Let k(p) = p**3 - 13*p**2 + 11*p - 10. Let b be k(12). Let j = 18 + b. Let v(x) = -51*x + 2. What are the prime factors of v(j)?
2, 103
Let s(x) = 82*x - 18. Let f(p) be the first derivative of 81*p**2/2 - 16*p + 2. Let m(d) = -6*f(d) + 5*s(d). What are the prime factors of m(-3)?
2, 3, 13
Suppose 0 = -5*z - 15, 2*o - 17 = -14*z + 17*z. Suppose -o*q + 1082 = -q + 2*w, -2*w - 738 = -2*q. What are the prime factors of q?
2, 7, 13
Let a = -13 - -12. Let j(y) be the first derivative of 68*y**3/3 - 3*y**2/2 - 2*y - 12. List the prime factors of j(a).
3, 23
Let r be (-8 + 7)*(-2)/4*10. Suppose 3*o = -5*d + 241 + 7019, 3*d + r*o = 4356. List the prime factors of d.
2, 3, 11
Suppose 3*n - 21 = -0*n. Suppose 790 = n*p - 512. List the prime factors of p.
2, 3, 31
Let x = -52 + 68. Let d(j) = -j**3 + 15*j**2 + 15*j + 25. List the prime factors of d(x).
3
Suppose 0 = -3*o + n + 11, o + 4*o - 2*n = 17. Suppose 1378 = 2*w - 69*j + 71*j, -o*w - 4*j + 3447 = 0. List the prime factors of w.
691
Suppose v = b + b - 10245, 0 = 4*b + 3*v - 20475. What are the prime factors of b?
3, 569
Let i = -1162 + 937. List the prime factors of (6 - i/(-35)) + 4952/7.
7, 101
Suppose -5*q - 4*f = -18392, -f + 7352 = 20*q - 18*q. What are the prime factors of q?
2, 3, 17
Let b(d) = 4*d + 25. Let p be b(-5). Suppose -4*y = y - 5*h - 3130, -4*h = p*y - 3139. Suppose 19*f + y = 22*f. List the prime factors of f.
11, 19
Let w be 2 + -2 + 1 + -4 + 1. Let r be (w - (-39)/6)*116/3. Suppose -5*k + r = 2*n, 4*k + 5*n + 79 = 208. What are the prime factors of k?
2, 3
Let d be 4/(-5)*(-42090)/92. Let r = d + -172. What are the prime factors of r?
2, 97
Suppose 3*d = -r - 1927, -4093 = 5*r + 2*d + 5503. Let u = 2700 + r. What are the prime factors of u?
2, 17, 23
Let n(x) = 37*x**2 + 131*x + 3813. What are the prime factors of n(-38)?
3, 5807
Let w(f) = 1449*f - 142. What are the prime factors of w(6)?
2, 1069
Suppose -2*n = -3*q - 52668, 5*q - 131595 = -85*n + 80*n. List the prime factors of n.
3, 5, 13
Suppose 0 = -2*z, 2*h = -3*z - 3*z + 2*z + 7384. What are the prime factors of h?
2, 13, 71
Suppose 4*r = 2*h - 421 - 587, 3*h + 3*r - 1476 = 0. Suppose 6978 - h = 7*l. What are the prime factors of l?
2, 463
Let m(v) = v**2 - 11*v - 4. Let b be m(-11). Let j = 1188 - b. List the prime factors of j.
2, 5, 19
Suppose -26*c - 152 + 412 = 0. List the prime factors of 6/(-12)*c + 350.
3, 5, 23
Let j(y) = y**3 - 40*y**2 - 72*y - 35. Let h = -83 - -125. What are the prime factors of j(h)?
7, 67
Suppose 0 = d - 2. Suppose -4*x = -j - 18, -5*x + 5 = -4*x. Suppose r - 2*b = 52, -d*r + 46 + 34 = j*b. List the prime factors of r.
2, 11
Suppose -11794 = -2134*b + 2132*b. Suppose 20028 = 13*z + b. What are the prime factors of z?
1087
Let d be 285/(-55) - 4/(-22). Let r be ((-4)/5)/(31/d + 6). Suppose 2*u = -5*f + 884, -r*u = -4*f + 471 + 225. What are the prime factors of f?
2, 11
Let i be (-13)/((-728)/(-16)) + (-6348)/(-21). Let h = 496 + i. List the prime factors of h.
2, 3, 7, 19
Let p = 459 + -328. Let z = -32 + p. Suppose -4*w + 25 = -z. List the prime factors of w.
31
Let o(f) = 273*f**2 - 6*f + 145. What are the prime factors of o(11)?
2, 4139
Let b(q) = -21*q + 22*q**2 + q**3 + 28*q - 30 + 19*q. What are the prime factors of b(-20)?
2, 5
Let x(u) = 10*u**2 - 4*u + 7. Let h(k) = -99*k**2 + k - 6 + 94*k**2 + 2. Let o(d) = -5*h(d) - 2*x(d). What are the prime factors of o(5)?
2, 73
Suppose -6*c - 2150 = 4*d - 0*c, -2178 = 4*d + 2*c. Suppose r + y = -3*y - 280, -4*r - 4*y = 1156. Let p = r - d. What are the prime factors of p?
2
List the prime factors of ((-28)/(-56))/((-10)/(-121300)).
5, 1213
Let m(l) = -76*l + 205. Let g be m(-12). Let w = g - -253. List the prime factors of w.
2, 5, 137
Suppose -14 - 54 = -b. Let p = 66 - b. List the prime factors of p/3*(3 + 138/(-4)).
3, 7
Suppose 4*s = 3*k - 51 - 26, -s - k = 14. Suppose -4*b = -102 - 62. Let n = s + b. List the prime factors of n.
2, 3
Let f(p) = 3*p**3 + 4*p**2 - 14*p + 3. Let a be f(11). Suppose -a = 11*m - 12059. What are the prime factors of m?
19, 37
Suppose -43537 = -18*i + 56875 + 62398. Lis